{"id":40,"date":"2022-02-04T14:58:45","date_gmt":"2022-02-04T14:58:45","guid":{"rendered":"https:\/\/dev.iisalmennaistensaatio.fi\/?page_id=40"},"modified":"2023-05-08T11:12:39","modified_gmt":"2023-05-08T11:12:39","slug":"myonnetyt-apurahat-ja-stipendit","status":"publish","type":"page","link":"https:\/\/iisalmennaistensaatio.fi\/?page_id=40","title":{"rendered":"2020"},"content":{"rendered":"\n<p>Sanna Savonen, Juhani Ahon yl\u00e4koulu<br>Essi Finnil\u00e4, ylioppilastutkinto, Iisalmen lyseo<\/p>\n\n\n\n<p>Mona Mironoff, majoitus- ja ravitsemisalan johtamisty\u00f6n erikoisammattitutkinto, Yl\u00e4-Savon ammattiopisto<br>Marjo Partanen, elintarvikealan perustutkinto, leipuri-kondiittori, Yl\u00e4-Savon ammattiopisto<br>Laura Heinonen, l\u00e4hihoitaja, Savon ammattiopisto<br>Janina Roth, liiketoiminnan perustutkinto, merkonomi, Savon ammattiopisto<\/p>\n\n\n\n<p>Annika Lappalainen, sairaanhoitaja, Savonia amk<br>Anna-Kaisa S\u00e4is\u00e4, sosionomi, Savonia amk<\/p>\n\n\n\n<p>Kahdelle Iisalmessa yritystoimintaa harjoittavalle naisyritt\u00e4j\u00e4lle Mari Kek\u00e4l\u00e4iselle ja&nbsp;<br>Sanna J\u00e4\u00e4skel\u00e4iselle&nbsp; my\u00f6nnettiin 2.000 \u20ac apuraha valokuvaprojektin toteuttamiseen aiheesta<br>\u201dSin\u00e4 olet taideteos\u201d.<\/p>\n\n\n\n<p><br><\/p>\n","protected":false},"excerpt":{"rendered":"<p>Sanna Savonen, Juhani Ahon yl\u00e4kouluEssi Finnil\u00e4, ylioppilastutkinto, Iisalmen lyseo Mona Mironoff, majoitus- ja ravitsemisalan johtamisty\u00f6n erikoisammattitutkinto, Yl\u00e4-Savon ammattiopistoMarjo Partanen, elintarvikealan perustutkinto, leipuri-kondiittori, Yl\u00e4-Savon ammattiopistoLaura Heinonen, l\u00e4hihoitaja, Savon ammattiopistoJanina Roth, liiketoiminnan perustutkinto, merkonomi, Savon ammattiopisto Annika Lappalainen, sairaanhoitaja, Savonia amkAnna-Kaisa S\u00e4is\u00e4, sosionomi, Savonia amk Kahdelle Iisalmessa yritystoimintaa harjoittavalle naisyritt\u00e4j\u00e4lle Mari Kek\u00e4l\u00e4iselle ja&nbsp;Sanna J\u00e4\u00e4skel\u00e4iselle&nbsp; my\u00f6nnettiin 2.000 \u20ac [&hellip;]<\/p>\n","protected":false},"author":1,"featured_media":0,"parent":0,"menu_order":0,"comment_status":"closed","ping_status":"closed","template":"template-full-width.php","meta":{"footnotes":""},"class_list":["post-40","page","type-page","status-publish","hentry"],"yoast_head":"<!-- This site is optimized with the Yoast SEO plugin v27.4 - https:\/\/yoast.com\/product\/yoast-seo-wordpress\/ -->\n<title>2020 - Iisalmen naisten s\u00e4\u00e4ti\u00f6<\/title>\n<meta name=\"robots\" content=\"index, follow, max-snippet:-1, max-image-preview:large, max-video-preview:-1\" \/>\n<link rel=\"canonical\" href=\"https:\/\/iisalmennaistensaatio.fi\/?page_id=40\" \/>\n<meta property=\"og:locale\" content=\"fi_FI\" \/>\n<meta property=\"og:type\" content=\"article\" \/>\n<meta property=\"og:title\" content=\"2020 - Iisalmen naisten s\u00e4\u00e4ti\u00f6\" \/>\n<meta property=\"og:description\" content=\"Sanna Savonen, Juhani Ahon yl\u00e4kouluEssi Finnil\u00e4, ylioppilastutkinto, Iisalmen lyseo Mona Mironoff, majoitus- ja ravitsemisalan johtamisty\u00f6n erikoisammattitutkinto, Yl\u00e4-Savon ammattiopistoMarjo Partanen, elintarvikealan perustutkinto, leipuri-kondiittori, Yl\u00e4-Savon ammattiopistoLaura Heinonen, l\u00e4hihoitaja, Savon ammattiopistoJanina Roth, liiketoiminnan perustutkinto, merkonomi, Savon ammattiopisto Annika Lappalainen, sairaanhoitaja, Savonia amkAnna-Kaisa S\u00e4is\u00e4, sosionomi, Savonia amk Kahdelle Iisalmessa yritystoimintaa harjoittavalle naisyritt\u00e4j\u00e4lle Mari Kek\u00e4l\u00e4iselle ja&nbsp;Sanna J\u00e4\u00e4skel\u00e4iselle&nbsp; my\u00f6nnettiin 2.000 \u20ac [&hellip;]\" \/>\n<meta property=\"og:url\" content=\"https:\/\/iisalmennaistensaatio.fi\/?page_id=40\" \/>\n<meta property=\"og:site_name\" content=\"Iisalmen naisten s\u00e4\u00e4ti\u00f6\" \/>\n<meta property=\"article:modified_time\" content=\"2023-05-08T11:12:39+00:00\" \/>\n<meta name=\"twitter:card\" content=\"summary_large_image\" \/>\n<meta name=\"twitter:label1\" content=\"Arvioitu lukuaika\" \/>\n\t<meta name=\"twitter:data1\" content=\"1 minuutti\" \/>\n<script type=\"application\/ld+json\" class=\"yoast-schema-graph\">{\"@context\":\"https:\\\/\\\/schema.org\",\"@graph\":[{\"@type\":\"WebPage\",\"@id\":\"https:\\\/\\\/iisalmennaistensaatio.fi\\\/?page_id=40\",\"url\":\"https:\\\/\\\/iisalmennaistensaatio.fi\\\/?page_id=40\",\"name\":\"2020 - Iisalmen naisten s\u00e4\u00e4ti\u00f6\",\"isPartOf\":{\"@id\":\"https:\\\/\\\/iisalmennaistensaatio.fi\\\/#website\"},\"datePublished\":\"2022-02-04T14:58:45+00:00\",\"dateModified\":\"2023-05-08T11:12:39+00:00\",\"breadcrumb\":{\"@id\":\"https:\\\/\\\/iisalmennaistensaatio.fi\\\/?page_id=40#breadcrumb\"},\"inLanguage\":\"fi\",\"potentialAction\":[{\"@type\":\"ReadAction\",\"target\":[\"https:\\\/\\\/iisalmennaistensaatio.fi\\\/?page_id=40\"]}]},{\"@type\":\"BreadcrumbList\",\"@id\":\"https:\\\/\\\/iisalmennaistensaatio.fi\\\/?page_id=40#breadcrumb\",\"itemListElement\":[{\"@type\":\"ListItem\",\"position\":1,\"name\":\"Etusivu\",\"item\":\"https:\\\/\\\/iisalmennaistensaatio.fi\\\/\"},{\"@type\":\"ListItem\",\"position\":2,\"name\":\"2020\"}]},{\"@type\":\"WebSite\",\"@id\":\"https:\\\/\\\/iisalmennaistensaatio.fi\\\/#website\",\"url\":\"https:\\\/\\\/iisalmennaistensaatio.fi\\\/\",\"name\":\"Iisalmen naisten s\u00e4\u00e4ti\u00f6\",\"description\":\"Iisalmen Naisten S\u00e4\u00e4ti\u00f6 on yleishy\u00f6dyllinen s\u00e4\u00e4ti\u00f6.\",\"potentialAction\":[{\"@type\":\"SearchAction\",\"target\":{\"@type\":\"EntryPoint\",\"urlTemplate\":\"https:\\\/\\\/iisalmennaistensaatio.fi\\\/?s={search_term_string}\"},\"query-input\":{\"@type\":\"PropertyValueSpecification\",\"valueRequired\":true,\"valueName\":\"search_term_string\"}}],\"inLanguage\":\"fi\"}]}<\/script>\n<!-- \/ Yoast SEO plugin. -->","yoast_head_json":{"title":"2020 - Iisalmen naisten s\u00e4\u00e4ti\u00f6","robots":{"index":"index","follow":"follow","max-snippet":"max-snippet:-1","max-image-preview":"max-image-preview:large","max-video-preview":"max-video-preview:-1"},"canonical":"https:\/\/iisalmennaistensaatio.fi\/?page_id=40","og_locale":"fi_FI","og_type":"article","og_title":"2020 - Iisalmen naisten s\u00e4\u00e4ti\u00f6","og_description":"Sanna Savonen, Juhani Ahon yl\u00e4kouluEssi Finnil\u00e4, ylioppilastutkinto, Iisalmen lyseo Mona Mironoff, majoitus- ja ravitsemisalan johtamisty\u00f6n erikoisammattitutkinto, Yl\u00e4-Savon ammattiopistoMarjo Partanen, elintarvikealan perustutkinto, leipuri-kondiittori, Yl\u00e4-Savon ammattiopistoLaura Heinonen, l\u00e4hihoitaja, Savon ammattiopistoJanina Roth, liiketoiminnan perustutkinto, merkonomi, Savon ammattiopisto Annika Lappalainen, sairaanhoitaja, Savonia amkAnna-Kaisa S\u00e4is\u00e4, sosionomi, Savonia amk Kahdelle Iisalmessa yritystoimintaa harjoittavalle naisyritt\u00e4j\u00e4lle Mari Kek\u00e4l\u00e4iselle ja&nbsp;Sanna J\u00e4\u00e4skel\u00e4iselle&nbsp; my\u00f6nnettiin 2.000 \u20ac [&hellip;]","og_url":"https:\/\/iisalmennaistensaatio.fi\/?page_id=40","og_site_name":"Iisalmen naisten s\u00e4\u00e4ti\u00f6","article_modified_time":"2023-05-08T11:12:39+00:00","twitter_card":"summary_large_image","twitter_misc":{"Arvioitu lukuaika":"1 minuutti"},"schema":{"@context":"https:\/\/schema.org","@graph":[{"@type":"WebPage","@id":"https:\/\/iisalmennaistensaatio.fi\/?page_id=40","url":"https:\/\/iisalmennaistensaatio.fi\/?page_id=40","name":"2020 - Iisalmen naisten s\u00e4\u00e4ti\u00f6","isPartOf":{"@id":"https:\/\/iisalmennaistensaatio.fi\/#website"},"datePublished":"2022-02-04T14:58:45+00:00","dateModified":"2023-05-08T11:12:39+00:00","breadcrumb":{"@id":"https:\/\/iisalmennaistensaatio.fi\/?page_id=40#breadcrumb"},"inLanguage":"fi","potentialAction":[{"@type":"ReadAction","target":["https:\/\/iisalmennaistensaatio.fi\/?page_id=40"]}]},{"@type":"BreadcrumbList","@id":"https:\/\/iisalmennaistensaatio.fi\/?page_id=40#breadcrumb","itemListElement":[{"@type":"ListItem","position":1,"name":"Etusivu","item":"https:\/\/iisalmennaistensaatio.fi\/"},{"@type":"ListItem","position":2,"name":"2020"}]},{"@type":"WebSite","@id":"https:\/\/iisalmennaistensaatio.fi\/#website","url":"https:\/\/iisalmennaistensaatio.fi\/","name":"Iisalmen naisten s\u00e4\u00e4ti\u00f6","description":"Iisalmen Naisten S\u00e4\u00e4ti\u00f6 on yleishy\u00f6dyllinen s\u00e4\u00e4ti\u00f6.","potentialAction":[{"@type":"SearchAction","target":{"@type":"EntryPoint","urlTemplate":"https:\/\/iisalmennaistensaatio.fi\/?s={search_term_string}"},"query-input":{"@type":"PropertyValueSpecification","valueRequired":true,"valueName":"search_term_string"}}],"inLanguage":"fi"}]}},"_links":{"self":[{"href":"https:\/\/iisalmennaistensaatio.fi\/index.php?rest_route=\/wp\/v2\/pages\/40","targetHints":{"allow":["GET"]}}],"collection":[{"href":"https:\/\/iisalmennaistensaatio.fi\/index.php?rest_route=\/wp\/v2\/pages"}],"about":[{"href":"https:\/\/iisalmennaistensaatio.fi\/index.php?rest_route=\/wp\/v2\/types\/page"}],"author":[{"embeddable":true,"href":"https:\/\/iisalmennaistensaatio.fi\/index.php?rest_route=\/wp\/v2\/users\/1"}],"replies":[{"embeddable":true,"href":"https:\/\/iisalmennaistensaatio.fi\/index.php?rest_route=%2Fwp%2Fv2%2Fcomments&post=40"}],"version-history":[{"count":17,"href":"https:\/\/iisalmennaistensaatio.fi\/index.php?rest_route=\/wp\/v2\/pages\/40\/revisions"}],"predecessor-version":[{"id":235,"href":"https:\/\/iisalmennaistensaatio.fi\/index.php?rest_route=\/wp\/v2\/pages\/40\/revisions\/235"}],"wp:attachment":[{"href":"https:\/\/iisalmennaistensaatio.fi\/index.php?rest_route=%2Fwp%2Fv2%2Fmedia&parent=40"}],"curies":[{"name":"wp","href":"https:\/\/api.w.org\/{rel}","templated":true}]}}